2, 3, 47, 46451
What are the prime factors of 2225031763?
2225031763
List the prime factors of 5333592389.
59, 269, 336059
List the prime factors of 61625166.
2, 3, 10270861
List the prime factors of 454079277.
3, 1868639
List the prime factors of 5753958.
2, 3, 7, 136999
List the prime factors of 1465954926.
2, 3, 244325821
What are the prime factors of 579102879?
3, 367, 525979
What are the prime factors of 49100822?
2, 73, 336307
List the prime factors of 792684561.
3, 541, 488407
List the prime factors of 132059440.
2, 5, 1650743
List the prime factors of 2741600863.
17, 101, 1596739
What are the prime factors of 74273254?
2, 11, 47, 109, 659
What are the prime factors of 172752544?
2, 941, 5737
List the prime factors of 314301796.
2, 139, 449, 1259
What are the prime factors of 545759656?
2, 13, 53, 99013
List the prime factors of 5105103064.
2, 31, 20585093
What are the prime factors of 514881476?
2, 128720369
List the prime factors of 10612977.
3, 3537659
What are the prime factors of 67387029?
3, 103, 218081
List the prime factors of 35082828.
2, 3, 11, 29531
List the prime factors of 59161412.
2, 1303, 11351
What are the prime factors of 790342564?
2, 11, 17962331
What are the prime factors of 462148481?
131, 3527851
List the prime factors of 21685928.
2, 11, 263, 937
List the prime factors of 25317879.
3, 17, 37, 13417
List the prime factors of 163677329.
2297, 71257
What are the prime factors of 48896602?
2, 24448301
What are the prime factors of 147312825?
3, 5, 11, 178561
What are the prime factors of 388613337?
3, 7, 18505397
List the prime factors of 104225586.
2, 3, 71, 89, 2749
List the prime factors of 116853969.
3, 547, 71209
What are the prime factors of 1537399099?
37, 41, 487, 2081
What are the prime factors of 114505485?
3, 5, 29, 461, 571
List the prime factors of 4745722707.
3, 11, 47936593
What are the prime factors of 72366770?
2, 5, 7, 103, 10037
What are the prime factors of 20237644?
2, 7, 73, 9901
List the prime factors of 405876926.
2, 7, 13, 2230093
List the prime factors of 10571412.
2, 3, 880951
What are the prime factors of 1405713217?
1405713217
What are the prime factors of 15033898?
2, 11, 277, 2467
List the prime factors of 6830058.
2, 3, 71, 16033
What are the prime factors of 337634803?
11, 109, 379, 743
What are the prime factors of 8122043?
8122043
What are the prime factors of 125146793?
125146793
What are the prime factors of 1838592333?
3, 103, 1983379
What are the prime factors of 615944132?
2, 67, 281, 8179
List the prime factors of 65818441.
13, 17, 431, 691
List the prime factors of 5838039607.
23, 167, 487, 3121
List the prime factors of 56410252.
2, 457, 30859
List the prime factors of 1309765263.
3, 436588421
What are the prime factors of 302581932?
2, 3, 25215161
List the prime factors of 74119359.
3, 127, 227, 857
What are the prime factors of 438363995?
5, 61, 127, 11317
List the prime factors of 84888642.
2, 3, 257, 55051
List the prime factors of 3149144352.
2, 3, 59, 163, 379
What are the prime factors of 7462632244?
2, 109, 17116129
List the prime factors of 1711050041.
1711050041
What are the prime factors of 801710772?
2, 3, 47, 1421473
List the prime factors of 235083483.
3, 23, 29, 39161
What are the prime factors of 51821326?
2, 229, 113147
What are the prime factors of 64824815?
5, 11, 1178633
List the prime factors of 48931270.
2, 5, 17, 19, 15149
List the prime factors of 121772543.
121772543
List the prime factors of 28969795.
5, 67, 86477
List the prime factors of 114473382.
2, 3, 29, 657893
List the prime factors of 581207967.
3, 19, 377653
What are the prime factors of 149615713?
13, 23, 617, 811
List the prime factors of 2175704666.
2, 1787, 608759
What are the prime factors of 67176985?
5, 557, 24121
List the prime factors of 340950955.
5, 68190191
What are the prime factors of 87027994?
2, 41, 1061317
List the prime factors of 224500653.
3, 13, 23689
What are the prime factors of 55766688?
2, 3, 61, 89, 107
What are the prime factors of 339024695?
5, 19, 41, 87041
What are the prime factors of 460256400?
2, 3, 5, 127849
List the prime factors of 58033950.
2, 3, 5, 13, 29761
What are the prime factors of 144703617?
3, 293, 164623
List the prime factors of 122548826.
2, 53, 1156121
What are the prime factors of 387143?
467, 829
List the prime factors of 1377904870.
2, 5, 677, 203531
What are the prime factors of 2986070238?
2, 3, 293, 188729
What are the prime factors of 529569392?
2, 11, 433, 6949
List the prime factors of 380489808.
2, 3, 2339, 3389
List the prime factors of 5376860658.
2, 3, 13, 31, 741227
What are the prime factors of 27388887?
3, 17, 537037
What are the prime factors of 29526051?
3, 9842017
What are the prime factors of 44177643?
3, 29, 6269
List the prime factors of 70392747.
3, 653, 35933
What are the prime factors of 2245219009?
11, 61, 331, 919
What are the prime factors of 671672418?
2, 3, 2543, 44021
List the prime factors of 48669476.
2, 53, 101, 2273
List the prime factors of 161208040.
2, 5, 7, 233, 353
List the prime factors of 45882501.
3, 7, 2184881
What are the prime factors of 1977008962?
2, 311, 449, 7079
What are the prime factors of 8303198698?
2, 4151599349
List the prime factors of 3715879559.
7, 530839937
What are the prime factors of 79903437?
3, 2351, 11329
List the prime factors of 386509326.
2, 3, 7, 37, 248719
What are the prime factors of 258368230?
2, 5, 97, 266359
List the prime factors of 86884762.
2, 6053, 7177
List the prime factors of 1148934436.
2, 13, 263, 84011
List the prime factors of 29057832.
2, 3, 23, 5849
What are the prime factors of 199794412?
2, 49948603
List the prime factors of 776393770.
2, 5, 19, 131, 31193
List the prime factors of 452362108.
2, 11, 19, 191, 2833
What are the prime factors of 84107038?
2, 773, 54403
What are the prime factors of 1470030051?
3, 7, 70001431
List the prime factors of 33388275.
3, 5, 337, 1321
List the prime factors of 2572018094.
2, 17, 1087, 69593
What are the prime factors of 45364129?
31, 1463359
List the prime factors of 23652814.
2, 17, 31, 22441
List the prime factors of 148731087.
3, 23, 31, 2243
List the prime factors of 64241469.
3, 593, 12037
List the prime factors of 686228741.
11, 31, 2012401
What are the prime factors of 295074461?
11, 31, 865321
List the prime factors of 698666452.
2, 11, 15878783
List the prime factors of 53645026.
2, 1987, 13499
What are the prime factors of 313735037?
7, 11, 53, 59, 1303
What are the prime factors of 67719765?
3, 5, 107, 42193
What are the prime factors of 1254697166?
2, 61, 10284403
What are the prime factors of 1758816161?
1758816161
What are the prime factors of 358560785?
5, 11, 29, 41, 5483
What are the prime factors of 415233908?
2, 17, 47, 173, 751
What are the prime factors of 80386769?
80386769
List the prime factors of 53466746.
2, 127, 210499
What are the prime factors of 272155881?
3, 90718627
What are the prime factors of 124890083?
463, 269741
What are the prime factors of 638049575?
5, 25521983
What are the prime factors of 599350757?
113, 5303989
What are the prime factors of 109576565?
5, 7, 3130759
What are the prime factors of 1514590428?
2, 3, 13, 229, 42397
What are the prime factors of 4682800608?
2, 3, 149, 443, 739
What are the prime factors of 161354636?
2, 239, 168781
List the prime factors of 2956426534.
2, 1478213267
What are the prime factors of 53252375?
5, 11, 38729
List the prime factors of 1913949457.
7, 811, 48163
List the prime factors of 422346950.
2, 5, 8446939
List the prime factors of 1836453013.
1836453013
List the prime factors of 1268014517.
7, 11, 16467721
List the prime factors of 69598640.
2, 5, 869983
What are the prime factors of 394116784?
2, 877, 28087
List the prime factors of 69644117.
41, 73, 23269
List the prime factors of 137390576.
2, 109, 78779
What are the prime factors of 302804684?
2, 7, 13, 831881
What are the prime factors of 31295684?
2, 7, 61, 73, 251
What are the prime factors of 2151607426?
2, 43, 2731, 9161
What are the prime factors of 965100432?
2, 3, 31, 127, 5107
What are the prime factors of 71339976?
2, 3, 787, 1259
What are the prime factors of 411032754?
2, 3, 11, 113, 18371
What are the prime factors of 775220063?
775220063
What are the prime